9 + a5846?
a5854
In base 16, what is 12d9 - -6c6?
199f
In base 3, what is 12 - -20001200202011211?
20001200202012000
In base 12, what is 352 - -15ba59?
1601ab
In base 2, what is -1000011100110000010 - 110010111?
-1000011101100011001
In base 4, what is 131 + -32120230223?
-32120230032
In base 5, what is -13022142 - -303?
-13021334
In base 9, what is 0 - 21582785?
-21582785
In base 5, what is -412444044 - 2?
-412444101
In base 11, what is 8452 - -6926?
14278
In base 15, what is -98 + -da5e1?
-da689
In base 15, what is 49d3 + 1927?
640a
In base 10, what is -199 + -7587752?
-7587951
In base 8, what is -122062 + -143?
-122225
In base 15, what is -197 - -5c5b4?
5c41c
In base 13, what is -3 + 80441c1?
80441bb
In base 9, what is 110864070 + -1?
110864068
In base 7, what is 3 + 302515045?
302515051
In base 15, what is -2789d1 + a?
-2789c6
In base 10, what is 726027 - -7?
726034
In base 7, what is 16320652625 - 5?
16320652620
In base 5, what is 1224221114 + 13?
1224221132
In base 13, what is 8c + 185379?
185438
In base 7, what is 3 + -3461423266?
-3461423263
In base 13, what is -2a36948 + b?
-2a3693a
In base 5, what is -1311 + -413020323?
-413022134
In base 12, what is -53815 - -82?
-53753
In base 3, what is -1001020011200200 + 1001?
-1001020011122122
In base 10, what is -21758 - 6205?
-27963
In base 12, what is 0 - -4a433203?
4a433203
In base 6, what is -2 - 24032251?
-24032253
In base 2, what is -11000 - -111101000110010011?
111101000101111011
In base 13, what is 0 + 766b23?
766b23
In base 12, what is -5 + -828783?
-828788
In base 14, what is 121 + 77ac?
78cd
In base 2, what is 11 - -10010101000010000010000010?
10010101000010000010000101
In base 13, what is -4 - -518220?
518219
In base 8, what is -1010627 - 43?
-1010672
In base 15, what is 10dd1c2 + 5?
10dd1c7
In base 3, what is -22102202 - -21000010210?
20200201001
In base 13, what is -3b86688 - -2?
-3b86686
In base 4, what is -1231122222 + 3?
-1231122213
In base 8, what is -474 - -107177?
106503
In base 10, what is -175 + 7616?
7441
In base 12, what is 14617161 - 2?
1461715b
In base 11, what is 1 + -56a142?
-56a141
In base 14, what is -b7d6 + 2a8?
-b52c
In base 13, what is 170 + -462ab2?
-462942
In base 8, what is -5601216 + 2204?
-5577012
In base 6, what is -2 - 1541100220?
-1541100222
In base 16, what is 2f440 - -8e?
2f4ce
In base 3, what is 11 + 21222021111011?
21222021111022
In base 12, what is 1798921 + -5b?
1798882
In base 6, what is 4 - -1513213213?
1513213221
In base 12, what is 3956 + 366?
4100
In base 3, what is 12101221012 + 21200102?
12200121121
In base 7, what is -5054 + -3422?
-11506
In base 8, what is 1253444 - 5?
1253437
In base 4, what is -331011321 + 30?
-331011231
In base 2, what is -1 + 110101110111010101?
110101110111010100
In base 14, what is -55337 + 23?
-55314
In base 2, what is 0 - 1001011001101111101011101?
-1001011001101111101011101
In base 14, what is 25787a3 + -4?
257879d
In base 4, what is -10310233 + 1202300?
-3101333
In base 11, what is 4742a26 + 17?
4742a42
In base 3, what is 21011012 - -2021?
21020110
In base 5, what is 20 + -220034434?
-220034414
In base 6, what is -255 + -120020530?
-120021225
In base 12, what is 137425b + -16?
1374245
In base 3, what is 201122 + 1112011111101?
1112012020000
In base 9, what is 5 + -112300370?
-112300364
In base 13, what is -1041310 - 5?
-1041315
In base 6, what is -2234 + 101234?
55000
In base 13, what is 10b0473 - 5?
10b046b
In base 6, what is -250 + 35154431?
35154141
In base 2, what is 10111000 - -1010111100?
1101110100
In base 7, what is -3166 + -210?
-3406
In base 14, what is 711d + 68a?
77a9
In base 11, what is -1 - -2349515?
2349514
In base 13, what is 1c1 - 1649?
-1458
In base 7, what is 416305 - 1005?
415300
In base 16, what is -64 - -531d?
52b9
In base 10, what is -7452 - -2089?
-5363
In base 4, what is -10011022 - -13112220?
3101132
In base 7, what is 35253 - 2560?
32363
In base 10, what is -90233 + -11?
-90244
In base 9, what is 2040 - -24240?
26280
In base 8, what is 3 + -460125455?
-460125452
In base 7, what is -3 - 24406040?
-24406043
In base 8, what is 32550736 - 3?
32550733
In base 11, what is 4 - 7827a3?
-78279a
In base 13, what is c9c - -3a7?
1376
In base 10, what is -10233423 - 7?
-10233430
In base 8, what is 626032412 - -3?
626032415
In base 14, what is -552caa + -4?
-552cb0
In base 7, what is -512 - 16130030?
-16130542
In base 12, what is 27 - 9328a?
-93263
In base 5, what is 113434 + 1441013?
2110002
In base 5, what is 14231400 - 3022?
14223323
In base 15, what is -57b586b - -4?
-57b5867
In base 5, what is 14 + 1034001303?
1034001322
In base 3, what is 12100211122221211 - -1?
12100211122221212
In base 14, what is -75d77 - -101?
-75c76
In base 3, what is 2010021 - 20000001?
-10212210
In base 14, what is -35a11 + -2?
-35a13
In base 13, what is 41 - -b4135?
b4176
In base 12, what is 10b6 + -411a?
-3024
In base 4, what is 211 + 110030130112?
110030130323
In base 16, what is -9 - -6df010?
6df007
In base 14, what is -10a851 + -3d?
-10a890
In base 16, what is -ce0c3 + -1a2?
-ce265
In base 5, what is 20014420 - -2004?
20021424
In base 2, what is -11 + -11100100000110110010010?
-11100100000110110010101
In base 5, what is 101402341004 - -1?
101402341010
In base 15, what is -1 - 1e819b4?
-1e819b5
In base 3, what is 1200220222220 - -11021?
1200221011011
In base 7, what is 2650 - 123430?
-120450
In base 7, what is 15444523 + -24?
15444466
In base 12, what is 3a92b + -36?
3a8b5
In base 11, what is -894 + -a856?
-1063a
In base 7, what is -204 + 415256?
415052
In base 5, what is 1244141134300 + -4?
1244141134241
In base 15, what is -2 + 30a825?
30a823
In base 16, what is -bcc9 - 3a2?
-c06b
In base 13, what is 8 - 25c2c4c?
-25c2c44
In base 6, what is -14503405 - -205?
-14503200
In base 15, what is -5e60 - -122?
-5d3d
In base 15, what is 30a13b + 86?
30a1c2
In base 14, what is -2dc9d74 + -5?
-2dc9d79
In base 8, what is -40 + -3356355?
-3356415
In base 15, what is -5e2 - 12b1aa?
-12b79c
In base 12, what is 134a7249 - -2?
134a724b
In base 4, what is 1222332 - -20321?
1303313
In base 12, what is -52291539 - 1?
-5229153a
In base 6, what is -31311024110 - -3?
-31311024103
In base 13, what is 1300010 + -4?
1300009
In base 14, what is -d3a2 - b?
-d3ad
In base 7, what is -13224504 + -336?
-13225143
In base 12, what is -8319391 - -4?
-8319389
In base 8, what is -531543073 - 4?
-531543077
In base 13, what is -a - 2408044?
-2408051
In base 10, what is -4637000 + 50?
-4636950
In base 7, what is -566153602 - 10?
-566153612
In base 4, what is 3302110312332 + 1?
3302110312333
In base 15, what is -52 + -ca1e9?
-ca24b
In base 4, what is 10323120010220 - 10?
10323120010210
In base 13, what is 10aa + -2380c?
-22732
In base 6, what is -2511 - -1204000?
1201045
In base 11, what is 20405609 + -3?
20405606
In base 4, what is 1003011233003 + 2?
1003011233011
In base 9, what is -20243267 - -11?
-20243256
In base 7, what is -2516611 + -10?
-2516621
In base 15, what is 17 - -916d2?
916e9
In base 6, what is -343024405 - 21?
-343024430
In base 12, what is -19 - -2b3713a?
2b37121
In base 13, what is 3 + 22906b0?
22906b3
In base 16, what is ba2720 - 64?
ba26bc
In base 14, what is 253 - -35c0?
3833
In base 4, what is -11330132 + 321100?
-11003032
In base 12, what is 307 - -2a8772?
2a8a79
In base 15, what is 1b1 - -36b5?
3876
In base 12, what is 2915 - 4a25?
-2110
In base 9, what is -10 + -274135484?
-274135504
In base 12, what is 6 - -7271b9?
727203
In base 12, what is 74 - 83272?
-831ba
In base 13, what is bb331 - -29?
bb35a
In base 10, what is -2 - 104603762?
-104603764
In base 2, what is 100101011 - 101111001011001110111?
-101111001010101001100
In base 5, what is -11044404320 + -223?
-11044410043
In base 12, what is -4 - 9bb7b89?
-9bb7b91
In base 11, what is 4a0 + -122a32?
-122542
In base 12, what is -5 + 5288525?
5288520
In base 4, what is -11 - -2020011033?
2020011022
In base 3, what is -10102212110020100 - 12?
-10102212110020112
In base 3, what is 2 + 21121010110102021?
21121010110102100
In base 6, what is 121004435 + 0?
121004435
In base 7, what is 20666105 + -44?
20666031
In base 2, what is -101 - 11110001011011000011110110?
-11110001011011000011111011
In base 5, what is -20 + 10012310200?
10012310130
In base 6, what is 3 - 1315000205?
-1315000